 and 10801322?
2786
Calculate the highest common factor of 61140 and 2595.
15
What is the greatest common divisor of 494866658 and 39?
13
Calculate the highest common divisor of 9993922 and 222.
74
What is the highest common divisor of 313994 and 342?
38
Calculate the greatest common divisor of 8393 and 108673.
109
What is the greatest common divisor of 567950 and 10240?
10
What is the highest common divisor of 552520 and 40888?
152
Calculate the highest common factor of 12876 and 5624202.
174
What is the greatest common factor of 272867 and 357?
119
What is the highest common divisor of 13292123 and 8307?
923
Calculate the greatest common divisor of 812536 and 157753.
2161
Calculate the highest common divisor of 205 and 16536740.
5
What is the highest common factor of 7 and 1113889?
7
What is the highest common divisor of 5487 and 254349?
177
What is the greatest common factor of 366685263 and 1476?
369
Calculate the greatest common divisor of 41115 and 4695.
15
What is the greatest common divisor of 2464944 and 33108?
1068
Calculate the highest common divisor of 8276 and 2018657092.
8276
Calculate the highest common factor of 27813 and 3318.
3
What is the greatest common divisor of 735 and 24594815?
245
Calculate the highest common divisor of 14010006 and 816.
102
What is the greatest common divisor of 37610439 and 2073?
2073
Calculate the greatest common factor of 2595186 and 578.
34
Calculate the greatest common divisor of 41484 and 1217773191.
10371
What is the greatest common divisor of 2367494 and 172?
86
What is the greatest common factor of 8375140 and 5706?
634
Calculate the greatest common divisor of 1946182 and 16121.
343
Calculate the highest common factor of 522 and 173285614.
58
Calculate the highest common factor of 12 and 22827110.
2
Calculate the greatest common divisor of 4312205156 and 28.
28
What is the highest common divisor of 256633 and 184262?
247
What is the highest common divisor of 815770 and 708122?
1682
Calculate the highest common factor of 49022 and 7874.
254
What is the greatest common factor of 6255482 and 119442?
2342
What is the greatest common divisor of 10 and 1015474?
2
What is the highest common factor of 72 and 80297672?
8
Calculate the highest common divisor of 14 and 519736.
14
Calculate the greatest common factor of 51762 and 5898.
6
Calculate the highest common divisor of 121 and 43202687.
121
Calculate the highest common divisor of 182 and 2546518.
26
Calculate the greatest common divisor of 165990756 and 2172.
2172
What is the greatest common factor of 68 and 56168969?
17
Calculate the greatest common divisor of 74 and 3028720174.
74
Calculate the greatest common factor of 8133808 and 80.
16
What is the greatest common divisor of 3727808 and 38584?
2968
What is the highest common divisor of 45 and 117393390?
45
Calculate the highest common divisor of 7078250 and 1000.
250
What is the greatest common factor of 1928 and 463448?
8
Calculate the highest common factor of 19481 and 5353733.
1771
What is the greatest common factor of 1551 and 86075?
11
What is the highest common factor of 1755 and 156561795?
1755
What is the greatest common divisor of 198933 and 3717?
21
Calculate the greatest common factor of 2842719 and 22.
11
Calculate the highest common divisor of 24 and 39557352.
24
What is the greatest common factor of 37110199 and 16121?
343
Calculate the highest common divisor of 4250 and 824875.
125
What is the greatest common divisor of 20368648 and 592?
296
What is the greatest common divisor of 15405 and 16298885?
395
Calculate the greatest common divisor of 113016 and 154289.
277
What is the highest common factor of 60768057 and 21?
21
What is the greatest common factor of 179575 and 130075?
275
Calculate the greatest common divisor of 203 and 7508129.
29
What is the greatest common divisor of 2266 and 63885956?
206
What is the highest common factor of 6 and 3670166?
2
Calculate the greatest common factor of 5547 and 169248.
129
What is the greatest common divisor of 54283296 and 36?
12
Calculate the highest common divisor of 155043 and 99015.
483
What is the greatest common factor of 53324 and 8?
4
What is the highest common factor of 23374 and 7976982?
806
What is the highest common factor of 199 and 1731897597?
199
Calculate the highest common factor of 10449 and 35958492.
3483
What is the greatest common divisor of 11040 and 1986510?
690
Calculate the greatest common factor of 58233 and 6909.
987
Calculate the greatest common factor of 8259098 and 3351.
1117
What is the greatest common factor of 12366090 and 26730?
990
What is the greatest common divisor of 789 and 208238403?
789
What is the highest common factor of 152035 and 27181519?
2339
What is the highest common factor of 3185241 and 303887?
743
What is the greatest common factor of 127188656 and 896?
112
What is the greatest common divisor of 3061008 and 37383?
2199
What is the greatest common factor of 9621 and 234?
9
What is the highest common divisor of 351541 and 12989?
419
What is the greatest common divisor of 125992 and 49?
1
What is the highest common divisor of 524 and 21174578?
262
What is the highest common factor of 836593 and 3408?
71
What is the highest common factor of 896955692 and 3736?
1868
Calculate the highest common factor of 350844 and 11466.
78
Calculate the greatest common factor of 40185120 and 160.
160
Calculate the greatest common factor of 154 and 73403858.
22
What is the highest common factor of 817108 and 3108?
148
Calculate the greatest common divisor of 12537679 and 6517.
343
What is the greatest common factor of 118035 and 1327410?
1935
Calculate the greatest common factor of 1 and 245905347.
1
Calculate the greatest common divisor of 17584970 and 299.
13
Calculate the highest common divisor of 53392752 and 1104.
1104
Calculate the highest common divisor of 1332888 and 171.
57
Calculate the highest common divisor of 190838109 and 399.
399
Calculate the highest common divisor of 869564 and 102512.
596
Calculate the greatest common divisor of 33425400 and 2958.
2958
Calculate the greatest common factor of 22381924 and 1064.
76
Calculate the greatest common factor of 922341 and 2668827.
3507
What is the greatest common divisor of 4224 and 35778688?
1408
Calculate the greatest common factor of 4020040 and 32.
8
Calculate the highest common divisor of 1108 and 157929888.
1108
What is the highest common factor of 609008 and 192554?
4478
Calculate the greatest common divisor of 109649 and 332728.
3781
Calculate the greatest common factor of 1857240 and 128520.
2520
What is the greatest common divisor of 23295051 and 1521?
117
What is the highest common divisor of 2797365 and 120?
15
What is the greatest common divisor of 1281797 and 59356?
209
What is the greatest common factor of 27410778 and 1674?
54
What is the greatest common factor of 17810 and 6526650?
130
What is the highest common factor of 11175 and 377925?
75
Calculate the highest common factor of 36 and 2157606.
18
What is the greatest common divisor of 39 and 46021313?
13
What is the greatest common divisor of 51 and 268797?
3
Calculate the highest common factor of 7725 and 145848.
309
What is the highest common factor of 17 and 702759311?
17
Calculate the highest common factor of 65253300 and 61760.
3860
What is the highest common factor of 1591 and 773263?
37
What is the greatest common divisor of 718 and 954265798?
718
What is the highest common divisor of 117 and 344871?
9
What is the highest common factor of 5834105 and 718135?
5935
Calculate the greatest common factor of 395 and 26989.
1
Calculate the highest common divisor of 430 and 1865770.
430
Calculate the greatest common divisor of 1656 and 17448444.
828
What is the greatest common divisor of 60121 and 118?
59
Calculate the highest common factor of 16928055 and 270.
135
Calculate the greatest common divisor of 171218880 and 1026.
1026
What is the greatest common factor of 428 and 6809373?
107
What is the greatest common factor of 963437 and 33043?
173
What is the highest common factor of 21009051 and 52731?
1701
What is the greatest common factor of 1493 and 31730729?
1493
What is the highest common divisor of 45456008 and 240?
8
What is the highest common factor of 150 and 19